s 3849 composite?
True
Is 960413 composite?
True
Is 2446319 a composite number?
False
Is 24901 composite?
True
Is 2719 a prime number?
True
Is 6005 composite?
True
Is 2518 a composite number?
True
Is 5471 composite?
False
Is 422931 prime?
False
Is 116483 a prime number?
True
Is 66097 a composite number?
True
Is 487741 prime?
True
Is 8513 prime?
True
Is 27847 a prime number?
True
Is 5437 a composite number?
False
Is 244235 a composite number?
True
Is 26947 prime?
True
Is 480419 a composite number?
False
Is 1457 a prime number?
False
Is 18797 a composite number?
False
Is 4751 a composite number?
False
Is 907 a prime number?
True
Is 1188719 a composite number?
True
Is 186869 composite?
False
Is 419603 a prime number?
True
Is 2767 a composite number?
False
Is 520679 a prime number?
True
Is 13367 a composite number?
False
Is 576185 a composite number?
True
Is 2339 composite?
False
Is 3545 a composite number?
True
Is 18763 a composite number?
True
Is 580577 a prime number?
True
Is 121211 a prime number?
False
Is 967319 a prime number?
True
Is 50497 composite?
False
Is 206993 a composite number?
False
Is 22181 prime?
False
Is 1085329 a composite number?
True
Is 168143 prime?
True
Is 171793 a prime number?
True
Is 1256107 a prime number?
True
Is 7607 composite?
False
Is 53971 a composite number?
True
Is 2918 a prime number?
False
Is 114113 prime?
True
Is 553933 composite?
False
Is 7249 a prime number?
False
Is 12071 a prime number?
True
Is 714163 prime?
True
Is 355891 a composite number?
False
Is 3161 a composite number?
True
Is 7311 composite?
True
Is 28123 a composite number?
False
Is 52023 prime?
False
Is 1823 a prime number?
True
Is 4063 composite?
True
Is 16673 a composite number?
False
Is 1151 composite?
False
Is 790033 composite?
False
Is 379273 composite?
False
Is 40441 prime?
False
Is 12473 a prime number?
True
Is 12841 a prime number?
True
Is 19181 a prime number?
True
Is 5737 prime?
True
Is 22891 composite?
True
Is 7291 prime?
False
Is 108797 a composite number?
True
Is 458639 a composite number?
False
Is 23407 a prime number?
False
Is 806963 a prime number?
False
Is 1236259 prime?
True
Is 550393 composite?
True
Is 47839 prime?
False
Is 2842861 prime?
False
Is 20221 composite?
True
Is 283973 a composite number?
True
Is 826541 prime?
True
Is 407567 prime?
True
Is 15259 prime?
True
Is 9017 a composite number?
True
Is 179677 a composite number?
True
Is 13 a prime number?
True
Is 55423 composite?
True
Is 1009127 composite?
True
Is 41569 composite?
True
Is 18409 a prime number?
False
Is 9862 prime?
False
Is 54109 prime?
False
Is 335653 composite?
False
Is 17651 prime?
False
Is 7529 a composite number?
False
Is 35159 prime?
True
Is 2791707 a prime number?
False
Is 29411 a composite number?
False
Is 149095 a composite number?
True
Is 282959 composite?
False
Is 201805 composite?
True
Is 250441 prime?
True
Is 27453 composite?
True
Is 265661 a composite number?
True
Is 13129 a composite number?
True
Is 3389 composite?
False
Is 20483 prime?
True
Is 126001 a prime number?
True
Is 56299 composite?
False
Is 29629 prime?
True
Is 2161 composite?
False
Is 3907 a prime number?
True
Is 13147 a prime number?
True
Is 392753 prime?
False
Is 1310665 a prime number?
False
Is 306271 a composite number?
True
Is 6861 prime?
False
Is 38345 prime?
False
Is 323 prime?
False
Is 4547 prime?
True
Is 785635 composite?
True
Is 2161 a prime number?
True
Is 11879 a prime number?
False
Is 12353 composite?
True
Is 157793 a composite number?
False
Is 4427 a prime number?
False
Is 36679 a composite number?
True
Is 158995 a prime number?
False
Is 499489 a prime number?
False
Is 23957 a composite number?
False
Is 26459 a prime number?
True
Is 48079 a prime number?
True
Is 88879 composite?
True
Is 132395 prime?
False
Is 19021 composite?
True
Is 57314 a prime number?
False
Is 863 prime?
True
Is 6709 a composite number?
False
Is 585569 composite?
False
Is 31991 a composite number?
False
Is 386851 composite?
False
Is 26053 composite?
False
Is 114997 a composite number?
False
Is 26954 prime?
False
Is 5147 a prime number?
True
Is 103373 a composite number?
True
Is 664843 prime?
True
Is 18251 composite?
False
Is 1883669 prime?
True
Is 944101 composite?
True
Is 5305 prime?
False
Is 839 a prime number?
True
Is 60953 a prime number?
True
Is 8097 a composite number?
True
Is 692161 prime?
True
Is 51299 prime?
False
Is 3079 composite?
False
Is 70297 prime?
True
Is 36238 prime?
False
Is 787 a prime number?
True
Is 28697 prime?
True
Is 468011 a prime number?
True
Is 4143 composite?
True
Is 59807 composite?
True
Is 6469 a prime number?
True
Is 54231 composite?
True
Is 18481 composite?
False
Is 475049 a prime number?
False
Is 59789 a composite number?
True
Is 128021 composite?
False
Is 79874 composite?
True
Is 782543 prime?
False
Is 850933 a composite number?
False
Is 53549 a composite number?
False
Is 134569 composite?
True
Is 2757 a composite number?
True
Is 12003 prime?
False
Is 4391 a composite number?
False
Is 89861 composite?
True
Is 99277 prime?
True
Is 541 a composite number?
False
Is 22247 a prime number?
True
Is 43837 a prime number?
False
Is 1050313 a prime number?
False
Is 10097 a composite number?
True
Is 769 composite?
False
Is 6458 composite?
True
Is 1016963 a composite number?
True
Is 28051 a composite number?
False
Is 263723 prime?
True
Is 127973 prime?
True
Is 19249 composite?
False
Is 653 a prime number?
True
Is 143351 composite?
True
Is 121379 a prime number?
True
Is 13971767 a prime number?
True
Is 639823 a composite number?
True
Is 904181 a composite number?
False
Is 296791 composite?
True
Is 15859 prime?
True
Is 74 a composite number?
True
Is 68267 composite?
True
Is 1137619 prime?
False
Is 112787 composite?
False
Is 176081 a composite number?
False
Is 2296717 composite?
True
Is 613981 prime?
True
Is 637067 composite?
False
Is 1352833 a composite number?
True
Is 21349 prime?
False
Is 6599 composite?
False
Is 403343 prime?
False
Is 924997 a prime number?
True
Is 1242611 a prime number?
True
Is 785033 prime?
True
Is 518261 composite?
False
Is 666493 prime?
True
Is 608609 a composite number?
False
Is 5147 prime?
True
Is 51251 a composite number?
True
Is 281185 a composite number?
True
Is 72389 composite?
True
Is 2159 composite?
True
Is 8473 a composite number?
True
Is 24281 composite?
False
Is 149371 a composite number?
False
Is 24907 composite?
False
Is 1801 a composite number?
False
Is 508007 composite?
True
Is 246769 a composite number?
False
Is 7529 composite?
False
Is 3454457 prime?
True
Is 61081 a prime number?
False
Is 51941 prime?
True
Is 2893 a composite number?
True
Is 2179 composite?
False
Is 28697 prime?
True
Is 60479 prime?
False
Is 56521 a composite number?
True
Is 2111 a composite number?
False
Is 72737 prime?
False
Is 7597 prime?
False
Is 330089 a prime number?
False
Is 529 a prime number?
False
Is 6449 composite?
False
Is 19523 a composite number?
True
Is 163669 a prime number?
False
Is 631141 a composite number?
True
Is 24143 a composite number?
True
Is 122609 composite?
False
Is 669265 prime?
False
Is 3415427 prime?
True
Is 72763 a composite number?
False
Is 235661 a composite number?
False
Is 25417 prime?
False
Is 3314 composite?
True
Is 5314 a composite number?
True
Is 7207 prime?
True
Is 1961 a prime number?
False
Is 4757971 prime?
True
Is 36581 prime?
False
Is 391739 a composite number?
False
Is 2759 prime?
False
Is 802639 composite?
True
Is 28643 a prime number?
True
Is 63929 a prime number?
True
Is 5660053 a composite number?
True
Is 12323 a prime number?
True
Is 673 composite?
False
Is 32605 composite?
True
Is 10687 composite?
False
Is 20849 a composite number?
False
Is 18617 a composite number?
False
Is 557567 a prime number?
True
Is 2813 prime?
False
Is 934205 prime?
False
Is 788605 prime?
False
Is 17039 a prime number?
False
Is 135301 a composite number?
False
Is 196103 prime?
False
Is 3119 composite?
False
Is 84299 a prime number?
True
Is 82961 a prime number?
False
Is 14041 a prime number?
False
Is 359623 composite?
True
Is 230719 a composite number?
False
Is 72269 composite?
False
Is 158291 a prime number?
False
Is 1248745 prime?
False
Is 878467 composite?
False
Is 431219 prime?
True
Is 7283 composite?
False
Is 18529 a prime number?
False
Is 2